True
Is 2322735509 composite?
False
Is 407163139 a composite number?
False
Is 19825867771 composite?
True
Is 1017529091 a prime number?
False
Is 415086227 composite?
False
Is 48045903749 composite?
False
Is 1149289861 composite?
False
Is 4459882915 composite?
True
Is 812355626 a prime number?
False
Is 3338680066 a composite number?
True
Is 686291939 composite?
True
Is 1996056269 a prime number?
False
Is 52413828877 prime?
False
Is 19234645107 a composite number?
True
Is 32852321113 a prime number?
True
Is 391091821 prime?
False
Is 300049923 composite?
True
Is 1555218547 a prime number?
True
Is 164738065 a composite number?
True
Is 1131460627 prime?
False
Is 406004161 a composite number?
True
Is 157790753 prime?
False
Is 1162442429 prime?
False
Is 30447939441 prime?
False
Is 1400253485 a composite number?
True
Is 8218913 a prime number?
True
Is 901642211 a prime number?
True
Is 1886293379 a composite number?
False
Is 3320353633 a prime number?
False
Is 7246254971 a prime number?
True
Is 32075891 prime?
True
Is 1939262597 a prime number?
True
Is 255238111 prime?
False
Is 2341473583 composite?
False
Is 77428353889 a composite number?
True
Is 38801409791 a prime number?
False
Is 336506531 prime?
True
Is 16125331 composite?
True
Is 4118435413 prime?
True
Is 40842298993 composite?
False
Is 148663175989 a prime number?
False
Is 82586370863 prime?
True
Is 7542502073 composite?
True
Is 3955452839 a composite number?
True
Is 18486610517 a prime number?
False
Is 5283167167 prime?
True
Is 69278505589 a composite number?
False
Is 518338423 composite?
True
Is 47480429 a composite number?
False
Is 28544124971 prime?
True
Is 12620128471 a prime number?
True
Is 42738139 composite?
True
Is 3286100957 a composite number?
False
Is 24124510507 a prime number?
False
Is 728070059 a prime number?
False
Is 7427820061 prime?
True
Is 5114375709 composite?
True
Is 1235222831 a composite number?
True
Is 65320595023 a composite number?
False
Is 2886720113 a prime number?
True
Is 2341542293 a composite number?
False
Is 71330781097 a prime number?
False
Is 4110915491 composite?
False
Is 83395638539 composite?
False
Is 1278761741 prime?
True
Is 1609781281 prime?
True
Is 30765101513 prime?
False
Is 6101682623 a prime number?
True
Is 84209309 prime?
True
Is 347402611 composite?
False
Is 2830840487 prime?
False
Is 729541691 a prime number?
False
Is 6480428239 composite?
False
Is 1724521331 composite?
True
Is 168902861 a composite number?
False
Is 14575076059 a composite number?
False
Is 30875395819 prime?
True
Is 3076917343 a prime number?
True
Is 9486175379 composite?
False
Is 14853779977 a prime number?
True
Is 257261974 a composite number?
True
Is 15476728453 a prime number?
False
Is 5110899491 a prime number?
False
Is 2750135717 a composite number?
True
Is 430370459 a prime number?
True
Is 22957309313 a prime number?
False
Is 212388359 composite?
True
Is 1854408079 composite?
False
Is 30508544579 composite?
False
Is 1776448409 a prime number?
False
Is 1149707554 prime?
False
Is 152643665 a composite number?
True
Is 7821336293 a composite number?
True
Is 26542374731 a prime number?
True
Is 4358709493 a prime number?
True
Is 7856653489 a prime number?
False
Is 3844250281 prime?
False
Is 4339647883 composite?
True
Is 39894309437 a composite number?
False
Is 14004468691 a prime number?
True
Is 148717710041 composite?
False
Is 54604515101 composite?
True
Is 1354934869 a composite number?
False
Is 299213867 a prime number?
False
Is 2759520301 composite?
False
Is 13250227202 prime?
False
Is 253017367 prime?
True
Is 14247132077 prime?
True
Is 4598336633 composite?
True
Is 3265769599 a prime number?
True
Is 452791051 composite?
False
Is 3131775553 prime?
True
Is 2054580431 prime?
True
Is 2887802215 a composite number?
True
Is 64292834 a composite number?
True
Is 82465622539 composite?
True
Is 24812495117 prime?
True
Is 10030675163 prime?
False
Is 22806473933 a composite number?
False
Is 3187502141 composite?
True
Is 496941421 a prime number?
True
Is 1334113667 prime?
False
Is 13835374489 composite?
False
Is 57225856357 a composite number?
False
Is 140660064437 prime?
True
Is 6113198633 prime?
True
Is 5775105221 prime?
True
Is 75911026277 a prime number?
True
Is 8886418709 prime?
False
Is 1231913777 a prime number?
False
Is 71481227 composite?
False
Is 26398761033 a composite number?
True
Is 48353237593 a composite number?
False
Is 9131780989 composite?
True
Is 981132413 a composite number?
True
Is 1842167038 a composite number?
True
Is 1771544303 a composite number?
True
Is 489977907 a prime number?
False
Is 2943187097 a composite number?
True
Is 31087815445 a composite number?
True
Is 24747889379 a composite number?
False
Is 9802803979 prime?
True
Is 989253217 prime?
False
Is 222899316557 a composite number?
True
Is 21098885089 a prime number?
True
Is 109090452433 a composite number?
False
Is 2401852439 a prime number?
False
Is 6630771757 composite?
False
Is 405897515 composite?
True
Is 6165549967 prime?
True
Is 2180337217 a prime number?
False
Is 32956801309 a prime number?
True
Is 5150825687 a composite number?
True
Is 65389230761 composite?
True
Is 2225938261 prime?
True
Is 2786545351 prime?
True
Is 113266892027 a composite number?
False
Is 2021177363 a prime number?
True
Is 74007663773 a prime number?
False
Is 85429067 prime?
True
Is 151937392246 a composite number?
True
Is 4516901579 a prime number?
True
Is 1732282691 composite?
True
Is 17523768901 composite?
False
Is 944284867 prime?
False
Is 6400783 a prime number?
False
Is 239717310571 prime?
True
Is 28364374979 a composite number?
True
Is 392516011 composite?
False
Is 50145081793 a composite number?
True
Is 7089067039 composite?
True
Is 6979075847 prime?
True
Is 489682247 composite?
True
Is 874807181 composite?
False
Is 1627750601 prime?
True
Is 775201223 prime?
False
Is 8113347499 prime?
False
Is 9342371123 a prime number?
True
Is 496337099 prime?
True
Is 1640159437 prime?
False
Is 499179137 prime?
True
Is 148098600241 a composite number?
True
Is 169442233 a composite number?
False
Is 63144575503 prime?
True
Is 235332193 prime?
True
Is 5630895169 a prime number?
False
Is 1403377589 prime?
True
Is 1479527726 prime?
False
Is 777338357 a prime number?
True
Is 5954143271 prime?
False
Is 1687120915 prime?
False
Is 7510828747 a composite number?
False
Is 1861139443 a composite number?
False
Is 1460843789 a prime number?
False
Is 87873139 a prime number?
True
Is 4059391969 composite?
True
Is 2287473583 composite?
False
Is 1989310129 a prime number?
False
Is 239104057 composite?
True
Is 4293627595 a composite number?
True
Is 5360226121 composite?
False
Is 1667089283 a prime number?
True
Is 6296032511 composite?
True
Is 8861012863 composite?
True
Is 13608147247 a prime number?
False
Is 48800247473 prime?
True
Is 1976637437 prime?
True
Is 21634642529 composite?
True
Is 9192874139 a prime number?
False
Is 3975938579 a prime number?
False
Is 40586963 composite?
False
Is 25375062782 composite?
True
Is 450620837 a prime number?
True
Is 7195943767 composite?
False
Is 9777922643 composite?
False
Is 684727117 prime?
True
Is 34403523859 prime?
True
Is 295273477 a prime number?
True
Is 574291381 a prime number?
False
Is 3646781011 composite?
True
Is 1901382251 a prime number?
False
Is 16178073607 prime?
True
Is 3423504853 composite?
False
Is 1153678451 prime?
False
Is 13510077881 prime?
True
Is 6285876167 a composite number?
True
Is 192403281643 composite?
False
Is 76645833734 a composite number?
True
Is 49987867661 composite?
False
Is 9734180063 prime?
True
Is 157998878533 prime?
False
Is 76805338723 a composite number?
False
Is 2095125631 a composite number?
False
Is 22776153667 a prime number?
True
Is 7099467959 a composite number?
False
Is 245915123 composite?
True
Is 158123187109 a composite number?
False
Is 1391104811 a composite number?
False
Is 707000257 a composite number?
False
Is 254388335 composite?
True
Is 18840779831 prime?
False
Is 7618123699 a prime number?
False
Is 5359029733 a prime number?
True
Is 38323485691 composite?
True
Is 1637863033 a prime number?
True
Is 303214063 prime?
True
Is 13185625298 a composite number?
True
Is 746905111 a prime number?
True
Is 5032772777 a prime number?
False
Is 27880058555 prime?
Fals